git of ((-4 - q)/(10/410))/(-1)?
3
Let a(d) = -49*d + 22. Let s be a(14). Let z = -34 - s. What is the hundreds digit of z?
6
Suppose -3*j + 18 = 2*f, -7*f + 3*f = 0. Suppose -j*g + 2415 = g. Suppose a = 3*x - 637 + 118, -a = -2*x + g. What is the hundreds digit of x?
1
Let m(a) = -a**2 + 6*a - 5. Let h be m(2). What is the units digit of 3890/h + (-4)/(-12) - 5?
2
What is the tens digit of 2 + (0 - -7) + 124218/67?
6
Suppose -23*g + 58014 = -60206. What is the hundreds digit of g?
1
Suppose 0 = -4*a - 2*b + 112, 6*b + 149 = 5*a + 4*b. Suppose a*v - 1980 = 24*v. What is the units digit of v?
6
Suppose 2*s + a + 243 + 105 = 0, -4*s - 5*a - 702 = 0. Let y = 240 + s. What is the tens digit of y?
6
Let m = 27490 + -3514. What is the hundreds digit of m?
9
Let d = 42 - 54. Let i be ((-1014)/d)/((-2)/(-4)*-1). Let y = -120 - i. What is the tens digit of y?
4
Let d(n) = 91*n**2 - 4*n + 1. Let l be d(3). Suppose 25*x - l = 342. What is the units digit of x?
6
Let b(w) = w**3 + 16*w**2 + 42*w + 189. Let o be b(-14). Let s(g) be the second derivative of -7*g**3/3 + 7*g**2 + g. What is the units digit of s(o)?
2
What is the thousands digit of ((-6)/(-4))/(((-11)/((-16940)/(-90)))/(-141))?
3
Let z(f) = 14*f**3 + 24*f**2 - 91*f - 62. What is the hundreds digit of z(9)?
2
Let p be -2*(175/(-2))/5. Suppose -p*b + 148 = -31*b. What is the units digit of b?
7
Suppose 40*l = 54*l + 56028. What is the tens digit of (-48)/60 + l/(-15)?
6
What is the tens digit of (1358760/24 - -2) + 19?
3
Let t = -5433 + 7321. What is the hundreds digit of t?
8
Suppose 4*w - 2169 = 3*y + 1240, 5*w - 4300 = -4*y. Let t = w - 447. What is the units digit of t?
9
Let h(t) = 9*t**2 + 18*t + 204. What is the units digit of h(23)?
9
Let p(j) = j**3 + 16*j**2 - 6. Let i be p(-16). Let o(r) be the first derivative of r**3/3 + 2*r**2 - 10*r + 1. What is the units digit of o(i)?
2
Suppose -5*f + 5*m - 190 = 0, f - 18 = 2*f - 5*m. Let x = 63 + f. What is the hundreds digit of 10/(-2)*(-584)/x?
1
Suppose 0 = 2*f - 5 - 1. Let t be (-7191)/(-36) - (-6)/(-8). Suppose -u + 4*l + 187 = f*l, -u = 5*l - t. What is the tens digit of u?
8
Let w(q) = q**2 + 6*q - 52. Let z be w(11). Let g = 107 + z. What is the hundreds digit of g?
2
Let i = -215 - -220. Suppose i*l + 2404 = 4*v, -2*v - l + 1101 + 115 = 0. What is the tens digit of v?
0
Let r = -213 - -135. Let f = -10 - r. Let x = f + -54. What is the tens digit of x?
1
Suppose -4*v + 3*a = -0*a - 1747, -5*v - 3*a + 2177 = 0. Let l = v + 370. What is the hundreds digit of l?
8
Let j(l) = -l**3 - 2*l**2 - l. Let m be j(-1). Suppose m = 2*t - 0*t - 6. Suppose -i = -4*w - t*i + 472, 3*w = -i + 356. What is the hundreds digit of w?
1
Suppose 3*n - 4501 + 1112 = -5*w, 2*w - 3*n = 1343. What is the units digit of w?
6
Let s(v) = 2*v**3 - v**2 - 15*v - 7. Let o be (-275)/13 - -6 - 4/(-26). Let i(p) = p**2 + 16*p + 20. Let n be i(o). What is the hundreds digit of s(n)?
1
Let h(d) = 2*d**2 - 8*d - 9. Let m be h(-6). Suppose -3*x + 18 + m = -2*p, 2*p = -3*x + 141. Let u = x - -7. What is the tens digit of u?
5
Suppose -34*j - 5716 = -3*o - 33*j, -3*j - 9532 = -5*o. Let g = o + -1304. What is the tens digit of g?
0
Suppose 26699 = c + 3*m, -c - 5*m = -5364 - 21339. What is the units digit of c?
3
Let k(w) = -w**3 - 5*w**2 - 7*w - 6. Let r be k(-5). Let b(t) = 89*t + 27*t**2 - 27*t - 34*t - r*t. What is the units digit of b(1)?
6
Suppose -x + 833 = -2*u, -u + 3359 = 4*x - 0*u. What is the hundreds digit of x?
8
Suppose -3*v + v - 3*t + 14 = 0, 4*v + 8 = 3*t. Suppose 2 = 5*l + 4*c - v, 4*l = 4*c + 24. What is the units digit of 29 - (l + 1 - 6)?
1
What is the units digit of 3/((-90)/(-221644)) - (-768)/(-5760)?
8
Suppose 0 = w - 6, 4914 = g - 5*w - 576. What is the tens digit of g?
2
Suppose 24121 + 12020 = p + 2*l, 3*p + 4*l - 108419 = 0. What is the ten thousands digit of p?
3
What is the ten thousands digit of -17562*((-594)/(-132))/(6/(-1*2))?
2
Suppose -2*g - 2*g = -4*i - 24, -2*g + 6 = -4*i. Suppose -g*d + 2176 = -1541. What is the hundreds digit of d?
4
Let m = 94 + -98. Let x(o) = -13*o**3 - o**2 + 9*o + 1. What is the units digit of x(m)?
1
Suppose -r = -3, 5*q - 76*r = -79*r + 12224. What is the tens digit of q?
4
Let g(v) = 178*v**2 + 87*v + 716. What is the units digit of g(-8)?
2
Let w be -15*((-16)/12)/2. Suppose -6*f - w = -130. Suppose 0 = f*z - 15*z - 190. What is the tens digit of z?
3
What is the thousands digit of (-2262303)/414*6/(-3)?
0
Let s(q) = q**3 - 21*q**2 - 71*q - 17. Let d be s(24). What is the hundreds digit of 2/d + (-49381)/(-161)?
3
Let p(u) = -u**2 + 19*u - 19. Suppose c + 4 = -5*h, 2*c - 3*c - 4 = 3*h. Let j be (-6)/12 - 42/c. What is the tens digit of p(j)?
7
Let j = 7604 + -3456. What is the units digit of j?
8
Let t(a) = 129*a**2 + 13 - 265*a**2 + 125*a**2 - 46*a**3. What is the units digit of t(-3)?
6
Let v(t) = 118 - 7*t + 6 - 19*t - 21*t + 25. What is the hundreds digit of v(-33)?
7
Let j = 5149 - 2787. What is the tens digit of j?
6
Let p(m) = -3*m + 9. Let l(j) = -j**2 - 9*j + 20. Let w be l(-11). Let g be p(w). Suppose 212 = -11*d + g*d. What is the units digit of d?
3
Suppose -4*c - 10 = 6. Suppose 5*y - 4 = 4*h + 26, y - 6 = -4*h. What is the units digit of (c/y)/((-6)/639)?
1
Let a = -18601 - -20808. What is the thousands digit of a?
2
Suppose -18743 = -3*s + a, 0 = -6*s + 223*a - 219*a + 37496. What is the tens digit of s?
4
Suppose -8*i = -3*i - 5, -5*i + 14 = -g. Let a(z) = -26*z - 34. What is the hundreds digit of a(g)?
2
Let p(y) be the third derivative of y**6/120 - y**5/10 - 13*y**4/12 - 14*y**3/3 - 42*y**2. What is the tens digit of p(12)?
2
Suppose 0 = 119*t - 190785 - 55664. What is the thousands digit of t?
2
Let h = -4068 - -4162. Let k be (-1)/(2*1/170). Let z = k + h. What is the units digit of z?
9
Let z(k) = 488*k + 1030. What is the units digit of z(53)?
4
Let d(u) = 2*u**2 + 11*u + 10. Let l be d(-4). Let y be 3/(-6)*(l + -74). Suppose 62 = 2*p - y. What is the units digit of p?
0
Let y be (-16)/(-2)*((-66101)/(-28) - -2). Suppose -25*m = -1023 - y. What is the units digit of m?
7
Let x(d) = 0*d**3 + 23*d + d**3 - 18*d - 5*d**2 - 14. Let a be x(4). Let z(c) = -c**3 - 8*c**2 + 11*c - 23. What is the tens digit of z(a)?
6
Let f(w) = 5*w + 11. Let v be f(-6). Let a = 23 + v. Suppose -a*n = 5*b - 5*n - 354, 2*b - 5*n = 137. What is the tens digit of b?
7
Let f(h) = 7*h + 1 - 8 + 15 - 5. Let w be f(9). Let i = 250 - w. What is the tens digit of i?
8
Let b = 108191 - 57261. What is the thousands digit of b?
0
Let c be 7 + -2*((-6)/(-12) + -2). Suppose 0 = -c*n + 12065 - 1615. What is the units digit of n?
5
Suppose 0 = -9*k - 13*k + 31658. Let p = k + -825. What is the tens digit of p?
1
Let s be (7 + -12)/(3 + -2) + 12. Let w(i) = 18*i**2 + 16 - i**3 + 12*i - 4*i**2 - 2*i**2 - 4*i**2. What is the hundreds digit of w(s)?
1
Let m = 4533 - 3685. What is the tens digit of m?
4
Let b be 9/(-3) + 9/3. Suppose -2*n + 677 = 4*o - 4391, -4*o + 5*n + 5096 = b. What is the hundreds digit of o?
2
Let i(u) be the third derivative of -11/3*u**3 + 0*u + 1/4*u**4 + 0 + 1/30*u**5 - 39*u**2. What is the tens digit of i(7)?
1
Let p = -9403 - -9412. What is the units digit of p?
9
Suppose 0 = -2*m, 5*m - 72274 = -4*o + 4230. What is the tens digit of o?
2
Let y be (1 - -424)/(7/21). Let d = y - 976. What is the units digit of d?
9
Let m(k) be the second derivative of 5*k**4/6 + 11*k**3/2 + 69*k**2/2 - 197*k. What is the units digit of m(-11)?
6
Suppose -66*t + 147852 = 45288. What is the thousands digit of t?
1
Let t be (248/24 + -11)*(-15 - 0). Suppose -8*l + t*l - 1068 = 0. What is the tens digit of l?
3
Suppose 1404096 = 32*l - 199840. What is the tens digit of l?
2
Suppose 0 = 33*z - 177173 - 28285. What is the thousands digit of z?
6
Let k be 306/102 + -1*(1 + -632). Suppose 3*w = -a + k, 3380 = 5*a - w + 242. What is the tens digit of a?
2
Let s be -2*(4 - (-249)/(-2)). Suppose 723 = -4*q + i - s, q + 5*i + 241 = 0. Let g = -140 - q. What is the hundreds digit of g?
1
Suppose 5*c + 63*t - 60*t = 39020, 0 = -11*t + 55. What is the hundreds digit of c?
8
Let p(z) = 70*z + 1278. Let b be p(0). Suppose 0 = -5*o - 4*t + 6444, -b = -o - 5*t - 6. What is the thousands digit of o?
1
Let j = 12166 + 8404. Suppose 11*p + 